{"id":2612,"date":"2024-02-28T13:19:26","date_gmt":"2024-02-28T12:19:26","guid":{"rendered":"https:\/\/svensktvisarkiv.se\/?page_id=2612"},"modified":"2024-10-25T10:23:44","modified_gmt":"2024-10-25T08:23:44","slug":"ruottalaisesta-lauluarkiivista-svenskt-visarkiv","status":"publish","type":"page","link":"https:\/\/svensktvisarkiv.se\/fit\/","title":{"rendered":"Ruottalaisesta lauluarkiivist\u00e4 \/ Svenskt visarkiv"},"content":{"rendered":"\n\n<div class=\"w-constrained richtext\"><external-link-icon>\n<h2 class=\"wp-block-heading\">Mit\u00e4s Ruottalainen lauluarkiivi tekkee?<\/h2>\n<\/external-link-icon><\/div>\n\n<div class=\"w-constrained richtext\"><external-link-icon>\n<p>Lauluarkiivi kokoa sis\u00e4le, s\u00e4ilytt\u00e4\u00e4, tutkii ja kertoo musikin ja tansin kulttuuriperin\u00f6st\u00e4 Ruottissa. Met tehem\u00e4 t\u00f6it\u00e4 aluheila kansanmusikki, laulut, vanheempi popyl\u00e4\u00e4rimusikki, jassi ja kansalinen tansi. Arkiivi oon auki kaikile jokka halvaavat ottaa ossaa kokoelmista.<\/p>\n<\/external-link-icon><\/div>\n\n<div class=\"w-constrained richtext\"><external-link-icon>\n<h2 class=\"wp-block-heading\">En\u00e4mpi ko lauluja kokoelmissa<\/h2>\n<\/external-link-icon><\/div>\n\n<div class=\"w-constrained richtext\"><external-link-icon>\n<p>Sie l\u00f6y\u00e4t meil\u00e4 muun muassa k\u00e4sikirjotettuja laulukirjoja eri osista Ruottia, saanvuenvanhoita nauhotuksia saamelaisista joikkauksista, entisi\u00e4 iskelm\u00e4nuottia, orkinaalij\u00e4rjestelyj\u00e4 jassiorkesterille, filmattuja tansitokymentasuunia ja koko rejviarkiivin.<\/p>\n<\/external-link-icon><\/div>\n\n<div class=\"w-constrained richtext\"><external-link-icon>\n<p>Kokoelmissa oon \u00e4\u00e4ni- ja filminauhotuksia, nuottia, teksti\u00e4, valokuvia, kirjoja, henkil\u00f6- ja organisasuuniarkiivi\u00e4 ja suuri referensikirjasto.<\/p>\n<\/external-link-icon><\/div>\n\n<div class=\"w-constrained richtext\"><external-link-icon>\n<h2 class=\"wp-block-heading\">Auki kaikile<\/h2>\n<\/external-link-icon><\/div>\n\n<div class=\"w-constrained richtext\"><external-link-icon>\n<p>Me\u00e4n webbikatalookista sie saatat hakea \u00e4\u00e4ninauhotuksista ja 100\u00a0000 lauluista ja kappalheista. Met tehem\u00e4 jatkuvasti saataviksi me\u00e4n kokoelmat tikitaalisti. Ota mielelh\u00e4\u00e4ns ekspetisuuni kansa yhtheytt\u00e4 jos sulla oon kysymyksi\u00e4 elikk\u00e4 jos sie halvaat jatkaa hakemista kokoelmissa. Me\u00e4n aine-ekspertit vastaavat kysymykshiin koko maan henkil\u00f6ilt\u00e4 ja institysuunilta. Sie saatat kansa k\u00e4y\u00e4 meil\u00e4 paikan p\u00e4\u00e4l\u00e4 Stokholmissa.<\/p>\n<\/external-link-icon><\/div>\n\n<div class=\"w-constrained richtext\"><external-link-icon>\n<h2 class=\"wp-block-heading\">Tutkimus ja kokoaminen<\/h2>\n<\/external-link-icon><\/div>\n\n<div class=\"w-constrained richtext\"><external-link-icon>\n<p>Ruottin lauluarkiivi oon tehny tutkimusta 1951 alusta asti, useasti me\u00e4n omat kokoelmat l\u00e4ht\u00f6kohtana. Met tehem\u00e4 yhtheisty\u00f6t\u00e4 yniversiteetitten, korkeakouluitten ja muitten kulttuuri-institysuunitten kansa, niin Ruottissa ko kansanv\u00e4lisesti.<\/p>\n<\/external-link-icon><\/div>\n\n<div class=\"w-constrained richtext\"><external-link-icon>\n<p>Tutkimusta julkasthaan kirjamuotoina, levyin\u00e4, webbiesitelmin\u00e4 ja ylheis\u00f6esityksinn\u00e4. Lauluarkiivi antaa kansa ulos vuosittaisen tietheelisesti tarkistetun avisin <a href=\"https:\/\/publicera.kb.se\/puls\/index\">Puls \u2013 musikki- ja tansietnolookinen avisi<\/a>.<\/p>\n<\/external-link-icon><\/div>\n\n<div class=\"w-constrained richtext\"><external-link-icon>\n<p>Ruottalainen lauluarkiivi oon osa Ruottin <a href=\"https:\/\/statensmusikverk.se\/fit\/\">Statens musikverk \/ musikkilaitoksen virastosta.<\/a><\/p>\n<\/external-link-icon><\/div>","protected":false},"excerpt":{"rendered":"<p>Mit\u00e4s Ruottalainen lauluarkiivi tekkee? Lauluarkiivi kokoa sis\u00e4le, s\u00e4ilytt\u00e4\u00e4, tutkii ja kertoo musikin ja tansin kulttuuriperin\u00f6st\u00e4 Ruottissa. Met tehem\u00e4 t\u00f6it\u00e4 aluheila kansanmusikki, laulut, vanheempi popyl\u00e4\u00e4rimusikki, jassi ja kansalinen tansi. Arkiivi oon auki kaikile jokka halvaavat ottaa ossaa kokoelmista. En\u00e4mpi ko lauluja kokoelmissa Sie l\u00f6y\u00e4t meil\u00e4 muun muassa k\u00e4sikirjotettuja laulukirjoja eri osista Ruottia, saanvuenvanhoita nauhotuksia saamelaisista joikkauksista, [&hellip;]<\/p>\n","protected":false},"author":2,"featured_media":0,"parent":0,"menu_order":-100,"comment_status":"closed","ping_status":"open","template":"","meta":{"_acf_changed":false,"footnotes":""},"class_list":["post-2612","page","type-page","status-publish","hentry"],"acf":[],"yoast_head":"<!-- This site is optimized with the Yoast SEO plugin v25.8 - https:\/\/yoast.com\/wordpress\/plugins\/seo\/ -->\n<title>Ruottalaisesta lauluarkiivist\u00e4 \/ Svenskt visarkiv - Svenskt visarkiv<\/title>\n<meta name=\"robots\" content=\"index, follow, max-snippet:-1, max-image-preview:large, max-video-preview:-1\" \/>\n<link rel=\"canonical\" href=\"https:\/\/svensktvisarkiv.se\/\" \/>\n<meta property=\"og:locale\" content=\"fi_FI\" \/>\n<meta property=\"og:type\" content=\"article\" \/>\n<meta property=\"og:title\" content=\"Ruottalaisesta lauluarkiivist\u00e4 \/ Svenskt visarkiv - Svenskt visarkiv\" \/>\n<meta property=\"og:description\" content=\"Mit\u00e4s Ruottalainen lauluarkiivi tekkee? Lauluarkiivi kokoa sis\u00e4le, s\u00e4ilytt\u00e4\u00e4, tutkii ja kertoo musikin ja tansin kulttuuriperin\u00f6st\u00e4 Ruottissa. Met tehem\u00e4 t\u00f6it\u00e4 aluheila kansanmusikki, laulut, vanheempi popyl\u00e4\u00e4rimusikki, jassi ja kansalinen tansi. Arkiivi oon auki kaikile jokka halvaavat ottaa ossaa kokoelmista. En\u00e4mpi ko lauluja kokoelmissa Sie l\u00f6y\u00e4t meil\u00e4 muun muassa k\u00e4sikirjotettuja laulukirjoja eri osista Ruottia, saanvuenvanhoita nauhotuksia saamelaisista joikkauksista, [&hellip;]\" \/>\n<meta property=\"og:url\" content=\"https:\/\/svensktvisarkiv.se\/\" \/>\n<meta property=\"og:site_name\" content=\"Svenskt visarkiv\" \/>\n<meta property=\"article:modified_time\" content=\"2024-10-25T08:23:44+00:00\" \/>\n<meta name=\"twitter:card\" content=\"summary_large_image\" \/>\n<meta name=\"twitter:label1\" content=\"Est. reading time\" \/>\n\t<meta name=\"twitter:data1\" content=\"1 minute\" \/>\n<script type=\"application\/ld+json\" class=\"yoast-schema-graph\">{\"@context\":\"https:\/\/schema.org\",\"@graph\":[{\"@type\":\"WebPage\",\"@id\":\"https:\/\/svensktvisarkiv.se\/\",\"url\":\"https:\/\/svensktvisarkiv.se\/\",\"name\":\"Ruottalaisesta lauluarkiivist\u00e4 \/ Svenskt visarkiv - Svenskt visarkiv\",\"isPartOf\":{\"@id\":\"https:\/\/svensktvisarkiv.se\/#website\"},\"datePublished\":\"2024-02-28T12:19:26+00:00\",\"dateModified\":\"2024-10-25T08:23:44+00:00\",\"breadcrumb\":{\"@id\":\"https:\/\/svensktvisarkiv.se\/#breadcrumb\"},\"inLanguage\":\"fit\",\"potentialAction\":[{\"@type\":\"ReadAction\",\"target\":[\"https:\/\/svensktvisarkiv.se\/\"]}]},{\"@type\":\"BreadcrumbList\",\"@id\":\"https:\/\/svensktvisarkiv.se\/#breadcrumb\",\"itemListElement\":[{\"@type\":\"ListItem\",\"position\":1,\"name\":\"Home\",\"item\":\"https:\/\/svensktvisarkiv.se\/\"},{\"@type\":\"ListItem\",\"position\":2,\"name\":\"Ruottalaisesta lauluarkiivist\u00e4 \/ Svenskt visarkiv\"}]},{\"@type\":\"WebSite\",\"@id\":\"https:\/\/svensktvisarkiv.se\/#website\",\"url\":\"https:\/\/svensktvisarkiv.se\/\",\"name\":\"Svenskt visarkiv\",\"description\":\"\",\"potentialAction\":[{\"@type\":\"SearchAction\",\"target\":{\"@type\":\"EntryPoint\",\"urlTemplate\":\"https:\/\/svensktvisarkiv.se\/?s={search_term_string}\"},\"query-input\":{\"@type\":\"PropertyValueSpecification\",\"valueRequired\":true,\"valueName\":\"search_term_string\"}}],\"inLanguage\":\"fit\"}]}<\/script>\n<!-- \/ Yoast SEO plugin. -->","yoast_head_json":{"title":"Ruottalaisesta lauluarkiivist\u00e4 \/ Svenskt visarkiv - Svenskt visarkiv","robots":{"index":"index","follow":"follow","max-snippet":"max-snippet:-1","max-image-preview":"max-image-preview:large","max-video-preview":"max-video-preview:-1"},"canonical":"https:\/\/svensktvisarkiv.se\/","og_locale":"fi_FI","og_type":"article","og_title":"Ruottalaisesta lauluarkiivist\u00e4 \/ Svenskt visarkiv - Svenskt visarkiv","og_description":"Mit\u00e4s Ruottalainen lauluarkiivi tekkee? Lauluarkiivi kokoa sis\u00e4le, s\u00e4ilytt\u00e4\u00e4, tutkii ja kertoo musikin ja tansin kulttuuriperin\u00f6st\u00e4 Ruottissa. Met tehem\u00e4 t\u00f6it\u00e4 aluheila kansanmusikki, laulut, vanheempi popyl\u00e4\u00e4rimusikki, jassi ja kansalinen tansi. Arkiivi oon auki kaikile jokka halvaavat ottaa ossaa kokoelmista. En\u00e4mpi ko lauluja kokoelmissa Sie l\u00f6y\u00e4t meil\u00e4 muun muassa k\u00e4sikirjotettuja laulukirjoja eri osista Ruottia, saanvuenvanhoita nauhotuksia saamelaisista joikkauksista, [&hellip;]","og_url":"https:\/\/svensktvisarkiv.se\/","og_site_name":"Svenskt visarkiv","article_modified_time":"2024-10-25T08:23:44+00:00","twitter_card":"summary_large_image","twitter_misc":{"Est. reading time":"1 minute"},"schema":{"@context":"https:\/\/schema.org","@graph":[{"@type":"WebPage","@id":"https:\/\/svensktvisarkiv.se\/","url":"https:\/\/svensktvisarkiv.se\/","name":"Ruottalaisesta lauluarkiivist\u00e4 \/ Svenskt visarkiv - Svenskt visarkiv","isPartOf":{"@id":"https:\/\/svensktvisarkiv.se\/#website"},"datePublished":"2024-02-28T12:19:26+00:00","dateModified":"2024-10-25T08:23:44+00:00","breadcrumb":{"@id":"https:\/\/svensktvisarkiv.se\/#breadcrumb"},"inLanguage":"fit","potentialAction":[{"@type":"ReadAction","target":["https:\/\/svensktvisarkiv.se\/"]}]},{"@type":"BreadcrumbList","@id":"https:\/\/svensktvisarkiv.se\/#breadcrumb","itemListElement":[{"@type":"ListItem","position":1,"name":"Home","item":"https:\/\/svensktvisarkiv.se\/"},{"@type":"ListItem","position":2,"name":"Ruottalaisesta lauluarkiivist\u00e4 \/ Svenskt visarkiv"}]},{"@type":"WebSite","@id":"https:\/\/svensktvisarkiv.se\/#website","url":"https:\/\/svensktvisarkiv.se\/","name":"Svenskt visarkiv","description":"","potentialAction":[{"@type":"SearchAction","target":{"@type":"EntryPoint","urlTemplate":"https:\/\/svensktvisarkiv.se\/?s={search_term_string}"},"query-input":{"@type":"PropertyValueSpecification","valueRequired":true,"valueName":"search_term_string"}}],"inLanguage":"fit"}]}},"_links":{"self":[{"href":"https:\/\/svensktvisarkiv.se\/fit\/wp-json\/wp\/v2\/pages\/2612","targetHints":{"allow":["GET"]}}],"collection":[{"href":"https:\/\/svensktvisarkiv.se\/fit\/wp-json\/wp\/v2\/pages"}],"about":[{"href":"https:\/\/svensktvisarkiv.se\/fit\/wp-json\/wp\/v2\/types\/page"}],"author":[{"embeddable":true,"href":"https:\/\/svensktvisarkiv.se\/fit\/wp-json\/wp\/v2\/users\/2"}],"replies":[{"embeddable":true,"href":"https:\/\/svensktvisarkiv.se\/fit\/wp-json\/wp\/v2\/comments?post=2612"}],"version-history":[{"count":2,"href":"https:\/\/svensktvisarkiv.se\/fit\/wp-json\/wp\/v2\/pages\/2612\/revisions"}],"predecessor-version":[{"id":2616,"href":"https:\/\/svensktvisarkiv.se\/fit\/wp-json\/wp\/v2\/pages\/2612\/revisions\/2616"}],"wp:attachment":[{"href":"https:\/\/svensktvisarkiv.se\/fit\/wp-json\/wp\/v2\/media?parent=2612"}],"curies":[{"name":"wp","href":"https:\/\/api.w.org\/{rel}","templated":true}]}}